 w?
17
Let p = -8082 + 20921. What is the highest common divisor of 694 and p?
347
Suppose -7*m + 4*m + 97 = -4*z, 2*m = -3*z + 76. Suppose 0 = -25*j + m*j - 210. What is the greatest common divisor of 14 and j?
7
Let x(t) = -44*t + 230. Let f be x(5). Let w be ((-2)/(f/99))/(21/(-70)). Let d(r) = 6*r. Let s be d(1). What is the highest common divisor of s and w?
6
Suppose 3*r - 14 = z, 1163*z - 1167*z - r = -22. What is the highest common divisor of z and 19?
1
Suppose -174 + 664 = 14*l. Let m be 56/12*(8 - (-1 - -3)). What is the greatest common factor of l and m?
7
Let y(f) = -f**2 + 4*f + 8. Let r = -22 - -27. Let x be y(r). Suppose -5 = -x*w + 13. What is the highest common divisor of w and 24?
6
Let q = -3247 + 7197. What is the greatest common divisor of q and 150?
50
Let u be (-125)/(-25) + 9 - -5575. Calculate the highest common factor of u and 552.
69
Let v(s) = 185*s**3 - 2*s**2 - 17*s + 18. Let m be v(1). What is the highest common factor of m and 5589?
23
Let d(f) = -f**2 + 7*f + 3. Let w be d(7). Let s(o) = -9*o**w + 8*o**3 - o**2 + 11 + 10. Let q be s(0). What is the greatest common factor of q and 84?
21
Let a(v) = 5*v + 63. Let h be a(-11). Let g = 686 + -662. Calculate the highest common divisor of h and g.
8
Let q = 8142 + -8026. Calculate the highest common divisor of 9454 and q.
58
Let x be 3 + -19 + 4/(-1). Let j be (-446)/(-18) - (x/(-18))/(-5). Let c = j + -3. What is the highest common divisor of 176 and c?
22
Let r = -6961 + 7385. Calculate the highest common divisor of 8 and r.
8
Let o be (-1 - -2) + (-1 - 0). Suppose m = -o*m + 110. Let h = -654286 + 654296. What is the highest common divisor of m and h?
10
Let d(l) = -4*l**2 + 144*l + 39. Let x be d(36). Suppose 0 = 3*v - 84 - 33. Calculate the greatest common divisor of x and v.
39
Let t(i) be the second derivative of i**5/20 - i**4/2 - 3*i**3/2 + 17*i**2/2 - 5*i. Let p be t(7). Calculate the highest common divisor of 8 and p.
1
Suppose 0 = 5*q - 0*q + 15. Let n be (q*(-3)/(-3))/(-1). Let j(l) = -2*l**2 + 1. Let h be j(0). What is the greatest common divisor of h and n?
1
Let b(d) = 11*d**2 + 23*d - 127. Let k be (12/(-20))/((-57)/(-30) - 2). Let l be b(k). What is the highest common factor of 37 and l?
37
Suppose -32*n + 882 = -38*n. Let x be 203 - (4/5 + n/(-35)). What is the highest common factor of x and 90?
18
Let h(d) = 32*d + 354. Let r be h(-11). Let y(o) = -o + 15. Let v be y(10). Suppose 9 = v*t - 2*t. What is the greatest common divisor of r and t?
1
Suppose 1440 = 110*w - 65*w. Let p be ((-1 - 0) + 23)/(2/8). What is the greatest common divisor of w and p?
8
Let f = -103 + 97. Suppose -4*s - j - 4 - 1 = 0, 2*j - 2 = -2*s. Let v be (-238)/(-6) + (-14)/f + s. What is the greatest common divisor of v and 10?
10
Let c be (21918/104)/((-3)/(-24)). What is the greatest common divisor of 6 and c?
6
Suppose 3*l - x = 38, 5*l - 2*x - 42 - 21 = 0. Calculate the highest common divisor of l and 2353.
13
Suppose -23 = -2*p - 3*u, -4*p = -11*u + 13*u - 26. Calculate the greatest common factor of 1916 and p.
4
Suppose -20*d + 23*d - 39 = 0. Suppose 64*t - d*t - 306 = 0. What is the highest common factor of 84 and t?
6
Let b(i) = 12*i**2 + 122*i + 770. Let y be b(-7). What is the highest common divisor of 322 and y?
14
Let s be 1976/26 + -5 + -14. Calculate the highest common divisor of s and 19.
19
Let a = -6 - -8. Let x be ((-3)/(-9))/((-2)/(-6)). What is the greatest common divisor of x and a?
1
Let j be (-2)/18*3*-75. Suppose -2*m + 4 = -i, -i - 4*i - 5*m = -j. Calculate the greatest common factor of 74 and i.
2
Let q = 300 - 298. Suppose -4*d + q*h = 5*h - 228, d - 44 = -4*h. What is the highest common factor of 105 and d?
15
Let p(r) = 57*r - 29. Let l be p(11). Suppose 4*c + 126 = l. Let v = 148 - c. What is the highest common factor of 150 and v?
30
Let t be 12/6*(-46)/4. Let n be (0 - -3) + 2 - (8 + t). Suppose -3*w = -16 - 14. What is the greatest common divisor of n and w?
10
Let z(i) = -i**2 - 11*i - 2. Let q be z(7). Let w = q - -131. What is the highest common factor of 48 and w?
3
Let d(t) = -3*t**2 + 101*t - 206. Let m be d(31). Suppose 0 = 2*n - q - 210, -4*n - 3*q + 262 = -158. What is the greatest common divisor of n and m?
21
Suppose -u = -3*r + 3*u + 9, -2*r = -u - 11. Let z(g) = 84 - g + 10*g - r*g + 4*g. Let y be z(-12). What is the highest common factor of y and 12?
12
Suppose -4*b + 65476 = 4*v, 24 = -2*v + 12. Calculate the highest common factor of b and 250.
125
Suppose 5*a = -5, -5*a = 4*l + l - 60. Suppose -10*z + 2398 = z. Suppose -z*g + 819 = -209*g. What is the greatest common divisor of l and g?
13
Let n(r) = r + 4*r + 2*r + 2*r**2 - 4*r + 6. Let j be n(-3). Suppose -6 = 5*p - 7*p. What is the greatest common factor of p and j?
3
Let i = 41 - 39. Let l be (-77)/28*-6*(i - 0). Suppose -4*j + 8 = -s - 0*s, 3*j = 4*s - l. What is the highest common divisor of 12 and s?
12
Let k(n) = -n**3 - 6*n**2 + 7*n + 9. Let m = -7 - 0. Let p be k(m). Suppose s = 2*f - 7, -f - 463 + 435 = -4*s. What is the highest common factor of s and p?
9
Let q be (-26)/(234/(-297))*3*(-1)/(-9). Suppose -168 = -c + 8. Calculate the highest common factor of q and c.
11
Suppose 358*q - 362*q + 5*l = -849, 4*q + 4*l = 876. Calculate the greatest common factor of 1440 and q.
72
Suppose -2*k + 2 = 10, o - 5*k = 67. Suppose l = -2*b + o - 4, 108 = 5*b + 3*l. Calculate the highest common factor of b and 35.
7
Suppose 3*v = -4*p + 12769, 5*v - 7*p = 7*v - 8491. Calculate the highest common divisor of v and 147.
147
Let a = -5255 + 5373. Calculate the greatest common divisor of a and 4425.
59
Suppose 0 = 2*l - 2*a - 4, 4*l - 3*a = 5*l - 22. Let b be (-2 - 50/(-5)) + l. Calculate the greatest common factor of 1035 and b.
15
Let d be ((-11)/(-2))/((-2)/(-4)). Suppose 0 = -13*b + 52*b - 1929525. Let p be b/500 - (-4)/80. What is the highest common factor of d and p?
11
Let j be (-36)/27*18/(-4). Suppose 0 + 18 = j*t. Suppose 46 = a - 3*u, a + 4*a - 284 = -t*u. Calculate the greatest common divisor of 385 and a.
55
Let w(v) = -v**3 - 40*v**2 - 44*v - 8. Let o be w(-39). Suppose -6*i - 12 = -2*i, i = 4*c - o. What is the highest common factor of 207 and c?
23
Let h = -9308 - -9340. What is the highest common divisor of 76 and h?
4
Let b(w) = -w**3 - 5*w**2 + 2*w + 7. Let s be b(-6). Let d = -29175 + 29392. What is the greatest common divisor of s and d?
31
Suppose 0 = 16*i - i - 195. Suppose -9*o = -i*o + 4*v + 228, v = -1. Let k be (-6)/(-3) + 12/2. What is the greatest common divisor of o and k?
8
Suppose 2*j - x - 4 = 0, 0 = -5*j - 0*j - x + 10. Let m(p) = -31*p**2 + 432*p + 30. Let d be m(14). What is the greatest common divisor of j and d?
2
Suppose -2*b - 189 = -247. Suppose 6605 = -b*v + 28877. What is the greatest common factor of 24 and v?
24
Let i be (438/4)/((-12)/11424*-42). Calculate the highest common factor of 17 and i.
17
Suppose -6*b + 3*d - 371 = -1316, 0 = -4*b - 2*d + 618. Calculate the greatest common divisor of 1170 and b.
78
Suppose -2*y = 2*b - 42, -60 = -5*y + y + 4*b. Let w be 321/y - -1*(-3)/(-18). Calculate the greatest common factor of w and 18.
18
Let q = 2941 + -2928. What is the greatest common factor of 351 and q?
13
Let i(w) = -5 - w - 7*w + 3*w. Let z be i(-14). Let a be ((-4)/(-1))/((3 - -2)/z). What is the highest common divisor of a and 39?
13
Let k(g) = -2*g**2 + 87*g + 339. Let o be k(47). Calculate the highest common factor of 470 and o.
10
Let t be 12*((-467)/(-4) + 6/48*8). What is the highest common factor of 157 and t?
157
Suppose -5*k + 410 = 4*f, 2*f - 3*k - 276 = -60. Suppose 5 = n + 4*z - 24, 196 = 4*n - 4*z. What is the greatest common divisor of f and n?
15
Let v(f) = 23*f**2 - 156*f - 29. Let a be v(7). Calculate the greatest common factor of 5979 and a.
3
Let p = 21774 - 21391. Calculate the greatest common factor of p and 2.
1
Suppose -4*m = -36 - 96. Let y be (-86 - 60/(-3))*(8/(-3))/2. Calculate the greatest common factor of y and m.
11
Let l be -5 - (-28)/5 - (-10)/25 - -95. Calculate the highest common factor of 672 and l.
96
Suppose 4*j + 65 = 3*s, 3*s - 20 = -3*j - 2*j. Let d be (2/20*-4)/((-1)/5). Let x be 93/2 + (-3)/d. Calculate the greatest common divisor of s and x.
15
Let r = -97 - -286. Let v = -119 - -450. 